= i + 6. What are the prime factors of s?
2, 3
Let r be (-1)/2 - (-3265)/10. Let g = -195 + r. Suppose -g = -4*b - 39. What are the prime factors of b?
23
Let g = -1630 - -3363. What are the prime factors of g?
1733
Let g(c) = 2*c - 1. Let l be g(1). Let w be (l - 2)/(3/(-21)). Suppose -y - 2*u + 18 = 0, -u = 2*y - 20 - w. List the prime factors of y.
2, 3
Suppose -3*u + 1981 = 2*s + 446, -4*s = 5*u - 3067. What are the prime factors of s?
7, 109
Let b = 20 + -6. Let f(s) = -s**3 + 13*s**2 + 14*s + 6. Let q be f(b). Suppose -q*o + 5*o = -25. List the prime factors of o.
5
Let r(k) = 611*k**2 + 21*k + 40. What are the prime factors of r(-2)?
2, 3, 11, 37
Suppose -3*q + 4*s - 43 = 19, 3*q + 3*s + 69 = 0. Let w = 174 + q. Suppose 3*d - 5*h - 122 = 0, -5*h = 5*d + 2 - w. What are the prime factors of d?
2, 17
Let y(g) be the second derivative of 0 - 5/2*g**2 - 4*g - 1/2*g**3. What are the prime factors of y(-7)?
2
Suppose -3*p + x = 3*x - 159, 0 = -4*p - 4*x + 216. Let j = 199 - p. What are the prime factors of j?
2, 37
Let g = 228 - 148. What are the prime factors of g?
2, 5
What are the prime factors of (-2)/1 + (2 - 7*-28)?
2, 7
Suppose -5*f + 23 = 2*w - w, 30 = 4*f - 5*w. Let s(l) = -l**3 + 6*l**2 + l - 6. Let a be s(f). Let x = 36 - a. What are the prime factors of x?
2, 3
Let c(w) = -3 + 51*w + w**3 - 2*w**2 + 1 - 50*w. List the prime factors of c(5).
2, 3, 13
List the prime factors of ((-4)/8)/(36/(-181224)).
3, 839
Let p(t) = 1611*t**2 - 30*t - 29. What are the prime factors of p(-1)?
2, 13, 31
Suppose 4*z = r - 335, 3*z = -2*z - 3*r - 406. Let n = 167 + z. What are the prime factors of n?
2, 3, 7
Suppose -317*i = -312*i - 5*v - 9990, 3 = 3*v. List the prime factors of i.
1999
Let w(c) = c**3 + 18*c**2 - 20*c + 2. What are the prime factors of w(-17)?
631
Suppose 1757 + 302 = 3*a + 2*r, a - 678 = r. List the prime factors of a.
683
What are the prime factors of 3/24 - 54705/(-56)?
977
Let t(q) = -q**3 + 4*q**2 - 2*q + 2. Let m be t(3). Suppose -7*d = -m*d - 10. Suppose -3*i = 2*i + 5*v - 95, -d*v = 2*i - 47. What are the prime factors of i?
2
Let v = -307 + 2154. What are the prime factors of v?
1847
Let a be (2/(-1) - -10) + -4. Let j(h) = h**2 - 4*h + 5. Let s be j(a). Suppose s*q = -2*k + 228, q - 90 = -q - 2*k. What are the prime factors of q?
2, 23
Suppose 4537 = 5*o + 822. What are the prime factors of o?
743
What are the prime factors of (-2)/(2/(-37)) + (-3 - -7)?
41
Let v(i) = 11*i**2 - 9*i + 4. Suppose -15 = -0*m + 3*m. What are the prime factors of v(m)?
2, 3
Let f be 2/(-7) + 0 + 500/35. Let v = 37 - 13. Let p = f + v. What are the prime factors of p?
2, 19
Suppose -12*w + 17*w = 25. Suppose 0 = -y - 2*p + 14, 4 = y - w*p - 17. What are the prime factors of y?
2
Suppose 0 = o + 2*m + 6, m + 1 = -3. Suppose -t - o*t = -339. What are the prime factors of t?
113
Let n(t) = 6 + 4*t + t**3 + 0*t + 25*t**2 - 20*t**2. Let u be n(-4). Suppose -2*l + u + 8 = 0. List the prime factors of l.
7
Let m(p) = 45*p**3 + 2*p**2 + 4*p - 3. List the prime factors of m(2).
373
Suppose -2*i + 3*i = -4*q + 252, -4*i = 3*q - 1073. What are the prime factors of i?
2, 17
Let i(x) be the third derivative of -x**6/120 + x**5/20 + x**4/3 - 7*x**3/6 + 3*x**2. Let u be i(6). Let w = u - -105. List the prime factors of w.
2, 19
Let t = -180 + -9. Let l = t + 360. List the prime factors of l.
3, 19
Let i = 462 - 3. What are the prime factors of i?
3, 17
Suppose 4*f - r = 4*r - 103, 2*r = 6. Let h be 4/8 - f/4. Suppose h*o = 7*o - 30. What are the prime factors of o?
2, 3, 5
Suppose -3*o + 62 = u, 4*o + 4*u + 0*u = 80. Suppose o - 10 = -b. Let z = b + 42. List the prime factors of z.
31
Let o = 1172 + -372. What are the prime factors of o?
2, 5
Let g(q) = 66*q**3 + 2*q**2 - 4*q + 1. List the prime factors of g(2).
23
Suppose -38*t + 28*t = -17380. What are the prime factors of t?
2, 11, 79
Let d(m) = 35*m - 235. What are the prime factors of d(31)?
2, 5, 17
Let p = 5 - 3. List the prime factors of (5/15)/(p/198).
3, 11
Suppose 9*j - 2442 = -4*o + 7*j, -4*j = 3*o - 1834. What are the prime factors of o?
2, 5, 61
Let x = -3 + -18. Suppose 2*a = 3*o + 49, 0 = -2*o - 2 + 8. Let p = x + a. What are the prime factors of p?
2
Let n(k) = 105*k - 148. What are the prime factors of n(6)?
2, 241
Let l = -4784 - -6883. What are the prime factors of l?
2099
Suppose 5*d - 2*d + 3*o = 18, -o = 1. Suppose 82 = -d*y + 663. List the prime factors of y.
83
Let c(t) = -223*t - 652. List the prime factors of c(-7).
3, 101
Let j(i) = -71*i - 135. What are the prime factors of j(-5)?
2, 5, 11
Let i be ((-26)/4)/((-2)/4). Let b(n) = -n**3 + 12*n**2 + 13*n - 15. Let k be b(i). List the prime factors of ((-100)/6)/(5/k).
2, 5
Let t(h) = h**2 + 6*h - 14. Let f be t(-8). Suppose 0*o - 5*o - f*b + 15 = 0, 15 = 5*o - 3*b. List the prime factors of o.
3
Let n = -51 + 55. Suppose 3*l = -3*s + 663, -n*s - 77 - 164 = -l. What are the prime factors of l?
3, 5
Let k(r) = -r + 29. Let w be k(7). Let q be 0 - ((-4)/(-2) + w). Let d = q - -31. List the prime factors of d.
7
Suppose 0 = -5*c - y + 27499, 3*y + y = -5*c + 27496. What are the prime factors of c?
2, 5, 11
Suppose 5*t - 4*x = -3660, 2*t + 562 + 902 = -5*x. What are the prime factors of (6/18)/((-2)/t)?
2, 61
Suppose 0 = 4*k + 16 + 44. Let y be (1/3)/(5/k). What are the prime factors of (1/y)/(5/(-175))?
5, 7
Suppose -96276 = -106*n + 79896. List the prime factors of n.
2, 3, 277
Let x = -20 + 56. List the prime factors of x - (4 + (3 - 8)).
37
Suppose 3*z = 4*u + 10, -4*z = -0*z - 5*u - 14. Let r(n) = 11*n - 18. List the prime factors of r(z).
2, 3
Let m be 2/(-4)*(-1 - 5). Suppose -19*w + 50 = -140. Suppose -m*t = 4*y - 101, -t + 3*y + w = -28. What are the prime factors of t?
5, 7
Let i(p) = 116*p - 499. List the prime factors of i(38).
3, 1303
Let i(k) be the second derivative of 1/3*k**4 + 0 + 9*k + 0*k**3 - 5/2*k**2. List the prime factors of i(3).
31
Let c(j) = 17*j + j**3 - 1 + 15*j**2 - 4*j**3 + j**3 + j**3. Let i be c(16). Let x = 48 + i. What are the prime factors of x?
3, 7
Let a be (-1)/(4/(-94)*6/12). Suppose 0 = -4*v + 20, -12 = 5*i - 3*v + 88. Let s = i + a. What are the prime factors of s?
2, 3, 5
Suppose -1092 = -o - 253. List the prime factors of o.
839
What are the prime factors of (-11528)/(-24) - 2/(-3)?
13, 37
Let z(u) = 61*u**3 + 5*u**2 - 11*u + 13. List the prime factors of z(4).
59, 67
Let r be 2/(0 + 0 + (-8)/92). Let m = 156 + r. List the prime factors of m.
7, 19
Suppose -5*x + s = -790, -632 = -4*x + 16*s - 20*s. List the prime factors of x.
2, 79
Let o(v) = -v + 1. Let m be 0 + (1 - 0) + -3. Let x(k) = -k - 1. Let h(s) = m*x(s) + 4*o(s). What are the prime factors of h(-6)?
2, 3
Suppose -12*d - 2473 = -9853. List the prime factors of d.
3, 5, 41
Suppose -30*w + 132442 = 39952. List the prime factors of w.
3083
Suppose -3*x - 3*h = 21, -5*x = -2*h + 3*h + 47. Let l = x + 51. List the prime factors of l.
41
Let z = 784 + -591. What are the prime factors of z?
193
What are the prime factors of -1 + 4 + (-984)/(-3)?
331
Let o = -813 + 3471. List the prime factors of o.
2, 3, 443
Suppose -b + 7*d = 5*d - 2886, 5*b = 2*d + 14422. What are the prime factors of b?
2, 7, 103
Let q be 5*((-187)/(-255) + 1/(-3)). Suppose -5*c = q*j + 2*j - 225, 3*c = j - 35. What are the prime factors of j?
2, 5
Suppose 0 = a + 2*m + 3*m - 24, -3*a - 3*m + 48 = 0. Let b = a - 13. What are the prime factors of b/(-2) + 404/8?
2, 5
Suppose -22*q - 7*q = -4060. What are the prime factors of q?
2, 5, 7
Suppose 7*o - 8*o + 1714 = 0. List the prime factors of o.
2, 857
Let o(f) = -f**3 - 6*f**2 - 3*f + 3. Let d be o(-5). Let b = d - -15. Suppose -i + 7 + b = -z, i + 3*z = 27. List the prime factors of i.
2, 3
Suppose -3*v - 7562 = -w - 4*w, -3*v = -3*w + 4536. What are the prime factors of w?
17, 89
Suppose 0*d - 190 = 2*o + 2*d, 3*d + 15 = 0. List the prime factors of -5*1*o/6.
3, 5
List the prime factors of 421 + 14/16 + (-20)/(-160).
2, 211
Let q be (-4)/(0 + 0 + -2). Suppose -5*k + q*k + 3 = 0. Suppose a - k - 32 = 0. List the prime factors of a.
3, 11
Let h be (-24)/4 + (3 - 0). Let x(r) = 4*r + 2. Let t be x(h). List the prime factors of (-260)/8*8/t.
2, 13
Let o(b) = 5*b - 5. Let m(r) = r. Let p(l) = -2*m(l) - o(l). Let q(j) = -7